22332301130?
22332301202
In base 14, what is 871dd - b?
871d2
In base 16, what is -5 + ca648a?
ca6485
In base 4, what is 13233012331 - 23323?
13232323002
In base 7, what is 0 + -1420546046?
-1420546046
In base 7, what is -3 + -213314064?
-213314100
In base 15, what is 1022664 - 9?
102265a
In base 15, what is -17c64235 - -5?
-17c64230
In base 7, what is 303141116 + 11?
303141130
In base 13, what is -455c - 106c?
-55cb
In base 13, what is 15 + -2433c2?
-2433aa
In base 3, what is 10002 + 202202120022021?
202202120102100
In base 7, what is -10153164666 - 2?
-10153165001
In base 16, what is 1d8d5 - -12d?
1da02
In base 8, what is 16060330 - -1?
16060331
In base 8, what is 1141 - 1465126?
-1463765
In base 5, what is 10 - -143243313134?
143243313144
In base 2, what is -101001011100011101000 - -10000?
-101001011100011011000
In base 5, what is -41414104432 - 31?
-41414110013
In base 8, what is -7403727 - -17?
-7403710
In base 7, what is -13035632 + 21?
-13035611
In base 16, what is 4 + 129f07f?
129f083
In base 16, what is 1ae710 - 21?
1ae6ef
In base 16, what is -576a + 259?
-5511
In base 11, what is -731993 + -30?
-731a13
In base 10, what is 1388 - 25852?
-24464
In base 7, what is 11343143 + 60?
11343233
In base 7, what is 6 + -25212510?
-25212501
In base 2, what is 11101 - 11000111111001000?
-11000111110101011
In base 4, what is -1132 - 13313333310?
-13320001102
In base 9, what is -52 - -847307?
847245
In base 3, what is 201112100 - -200002?
202012102
In base 5, what is 142213323 - -322?
142214200
In base 9, what is 1412 + -12182?
-10670
In base 15, what is -2d28 - 244?
-306c
In base 9, what is 165120041 + 3?
165120044
In base 6, what is 233140223 + 34?
233140301
In base 5, what is 2 - 4140411213?
-4140411211
In base 9, what is -6742 + -21277?
-28130
In base 13, what is 137b7a9b5 + 0?
137b7a9b5
In base 13, what is -1080c51 + -4?
-1080c55
In base 3, what is 121022211200 + -1212?
121022202211
In base 13, what is -21a + 606b3c?
606922
In base 7, what is 6 - 415543431?
-415543422
In base 8, what is -21603064 + -335?
-21603421
In base 16, what is -de54af - 7?
-de54b6
In base 10, what is 4445689 - 3?
4445686
In base 2, what is 1000011 - -100001100011000?
100001101011011
In base 2, what is -101111011000000000 - -111000111101?
-101110011111000011
In base 3, what is 121120200100100 - 20?
121120200100010
In base 16, what is 149362e + -5?
1493629
In base 13, what is 220a92a5 + 0?
220a92a5
In base 9, what is -118 + -4531006?
-4531125
In base 3, what is -120211012212 - 10?
-120211012222
In base 10, what is 9 - -262270?
262279
In base 9, what is -1637 + 1702?
54
In base 11, what is -14 - 354750?
-354764
In base 4, what is 0 + -123233232013?
-123233232013
In base 9, what is -526007441 + -4?
-526007445
In base 13, what is 38a + -2951?
-2594
In base 7, what is -415152 - 654?
-416136
In base 3, what is 111211212020222021 - -2?
111211212020222100
In base 4, what is -2121 + -10203?
-12330
In base 8, what is -57 - -4342012?
4341733
In base 5, what is -122 + 210422?
210300
In base 13, what is -a029773 + -4?
-a029777
In base 7, what is -4 + -43603402?
-43603406
In base 16, what is -222 + -79d3?
-7bf5
In base 15, what is 623d - 376?
5db7
In base 16, what is -1b43 + 21?
-1b22
In base 4, what is 11 + -23010232120?
-23010232103
In base 8, what is 3 + 4142456?
4142461
In base 7, what is -11160 - 414001?
-425161
In base 5, what is 4133320034 - -11?
4133320100
In base 16, what is -164353b - 3?
-164353e
In base 16, what is -db6ced4 - -6?
-db6cece
In base 9, what is -187506375 + 1?
-187506374
In base 16, what is -4d873 - 66?
-4d8d9
In base 9, what is 1446803 + -40?
1446753
In base 7, what is -1122654 - 646?
-1123633
In base 2, what is -100 - -100010010101111100001110?
100010010101111100001010
In base 15, what is -73 + -974d?
-97c1
In base 2, what is 111100011110100000 - -1001?
111100011110101001
In base 9, what is -14 - -3612318?
3612304
In base 11, what is 36a9a46 - -3?
36a9a49
In base 4, what is 1103 - -113302113231?
113302121000
In base 12, what is 193783 - 159?
193626
In base 6, what is 5 + -15421314421?
-15421314412
In base 10, what is 133 - 105353?
-105220
In base 10, what is -23 - -195912?
195889
In base 6, what is 14222300 + 11?
14222311
In base 14, what is 47 - 47592?
-47549
In base 14, what is -17 + 8c133?
8c11a
In base 4, what is 10232313000 - -211?
10232313211
In base 14, what is 8 + -1113d6?
-1113cc
In base 16, what is -4 + -156cb4?
-156cb8
In base 8, what is -5467 - -1460?
-4007
In base 10, what is 130291 - -75?
130366
In base 14, what is a - d126a?
-d1260
In base 11, what is 13834 + -3aa5?
a83a
In base 16, what is -130e513 + -1?
-130e514
In base 3, what is 1120 - 11122011210?
-11122010020
In base 4, what is 21130122012112 + 20?
21130122012132
In base 7, what is 103234 - 22355?
50546
In base 8, what is 103 - 4524622?
-4524517
In base 8, what is 1252777 + 21?
1253020
In base 4, what is -13223123 + -12030?
-13301213
In base 16, what is -1b5 + 4a3f2?
4a23d
In base 4, what is -3100313 + -3032302?
-12133221
In base 4, what is -3 + -1002000022333?
-1002000023002
In base 2, what is 101010001000011101 - 1111100?
101010000110100001
In base 4, what is 2 + 21200001320?
21200001322
In base 11, what is 38a9 + -192a?
1a7a
In base 6, what is -2 - -23423015352?
23423015350
In base 9, what is -16 - 3622173?
-3622200
In base 16, what is -968b8 - 23f?
-96af7
In base 9, what is 7006 - 50031?
-42024
In base 2, what is -101100111000000000101110111 + -1100?
-101100111000000000110000011
In base 5, what is 1 - 1002342234?
-1002342233
In base 12, what is 62981 + 64?
62a25
In base 6, what is 3 - -213253153?
213253200
In base 3, what is -11 - 1110121210000?
-1110121210011
In base 2, what is -100 + -10101001111110010100111?
-10101001111110010101011
In base 16, what is -13 + -16faff?
-16fb12
In base 8, what is -2113 + -2255332?
-2257445
In base 8, what is 3 + 37473276?
37473301
In base 2, what is -1001010000110100 + 1000000000000?
-1000010000110100
In base 4, what is 1 - -222132331?
222132332
In base 14, what is 2395 + -27b?
2118
In base 12, what is -30962 + -128?
-30a8a
In base 3, what is -1 - 1002000212202010?
-1002000212202011
In base 15, what is -2b - 4d5d65?
-4d5d91
In base 4, what is 233121312 - -1011?
233122323
In base 9, what is 2 + -1010647335?
-1010647333
In base 3, what is -10122220121200221122 - 12?
-10122220121200221211
In base 4, what is -201 - 322030202101?
-322030202302
In base 16, what is 0 - 386c748?
-386c748
In base 15, what is -3349d + -16e?
-3361c
In base 8, what is 4 - -41446253?
41446257
In base 15, what is -284 - 945?
-bc9
In base 11, what is -361 + -15813a?
-1584a0
In base 10, what is -88496 + 66?
-88430
In base 9, what is -500 - -2004623?
2004123
In base 10, what is 5916954 + 3?
5916957
In base 16, what is 1e922 + -73?
1e8af
In base 11, what is -6 - 6933665a?
-69336665
In base 8, what is 3 - -21636312?
21636315
In base 6, what is -2154335 - -22241?
-2132054
In base 6, what is -3013504 + 30?
-3013434
In base 9, what is 35 - -3506?
3542
In base 11, what is -a12aa89 - 0?
-a12aa89
In base 8, what is -11273 - 6107?
-17402
In base 16, what is -65a8ea - 15?
-65a8ff
In base 6, what is -35255224 - 2?
-35255230
In base 3, what is 10110122012 - 102?
10110121210
In base 3, what is -1 - -221022221211022002?
221022221211022001
In base 12, what is 2 - -113a46b?
113a471
In base 16, what is 5f3630 - -25?
5f3655
In base 12, what is -353986 - -ba?
-353888
In base 4, what is -21 + 2013223221220?
2013223221133
In base 5, what is -410 - -41234132?
41233222
In base 15, what is 270a9 - -58?
27112
In base 14, what is 3 + 383067?
38306a
In base 6, what is -10022533 + 4?
-10022525
In base 12, what is 3 + -ba5b02?
-ba5abb
In base 11, what is 4183a - 9a?
41750
In base 11, what is 99 - 64146?
-64058
In base 4, what is -110303302 - -10201?
-110233101
In base 14, what is -133a8 + -d27?
-142d1
In base 6, what is 3241423 + -34?
3241345
In base 5, what is 13211 - -2423?
21134
In base 8, what is 1 - 1112550403?
-1112550402
In base 15, what is -18cd19 - -c4?
-18cc45
In base 12, what is 924 + 9a31?
a755
In base 9, what is -544 - 123863?
-124517
In base 12, what is 98 - 6b6a?
-6a92
In base 3, what is 2 + 210002010221011?
210002010221020
In base 5, what is -141431 + -120312?
-312243
In base 10, what is -1145